+ -170?
-57
In base 6, what is 13352055 + 5?
13352104
In base 14, what is -57aa - 1d?
-57c9
In base 13, what is 0 - 424b6a?
-424b6a
In base 8, what is 22641 + 1130?
23771
In base 10, what is 965 - -1128?
2093
In base 2, what is -11 - 111000111111001001?
-111000111111001100
In base 14, what is -9c - 103?
-1a1
In base 15, what is -e + -c90?
-c9e
In base 16, what is 5 - 21c8?
-21c3
In base 7, what is 502244 + -4?
502240
In base 12, what is 6 - -2b7a8?
2b7b2
In base 7, what is -52 + -23333?
-23415
In base 11, what is 5a7680 - -3?
5a7683
In base 12, what is 49a0a + b?
49a19
In base 9, what is 587335 + -4?
587331
In base 9, what is 21 + 10555?
10576
In base 3, what is 200210122 + -10?
200210112
In base 12, what is -240b24 - 4?
-240b28
In base 11, what is 6 - 25399?
-25393
In base 6, what is -12 - 40222?
-40234
In base 7, what is -122 - 242064?
-242216
In base 15, what is -5 + -4906?
-490b
In base 14, what is -11c - -5c?
-a0
In base 2, what is 101 + -100001111011101011?
-100001111011100110
In base 14, what is 32d85 + 2?
32d87
In base 16, what is 9 + -13c0e?
-13c05
In base 15, what is -655 - -51?
-604
In base 4, what is -1011 - 2020213?
-2021230
In base 4, what is 3 - 1200320?
-1200311
In base 3, what is 121021 + 1101101?
1222122
In base 3, what is -222 - 110111222?
-110112221
In base 3, what is -111 + 11012210022?
11012202211
In base 3, what is -2021 + 112121122?
112112101
In base 13, what is -c - -2c3?
2b4
In base 15, what is -c - -1c61?
1c54
In base 12, what is 156160 + -6?
156156
In base 8, what is 3 + -162263?
-162260
In base 12, what is -815 + -466?
-107b
In base 7, what is 605 - -24?
632
In base 13, what is -5 - 36c?
-374
In base 7, what is 22 - 142345?
-142323
In base 16, what is e - -c39?
c47
In base 10, what is 84 + -3157?
-3073
In base 2, what is 1101 + 1110100111?
1110110100
In base 2, what is 10111001010001 - -1?
10111001010010
In base 6, what is 0 - -351552?
351552
In base 9, what is 1 + -60120?
-60118
In base 13, what is 8c9 + 6?
902
In base 9, what is 1 + 46838?
46840
In base 8, what is 2 + -126760?
-126756
In base 14, what is -48c - 78?
-526
In base 10, what is -1987923 + 2?
-1987921
In base 10, what is 64 + 202?
266
In base 14, what is 2 + -7ac69?
-7ac67
In base 16, what is 3d8a0 - c?
3d894
In base 2, what is 10010100111110010000 + 101?
10010100111110010101
In base 14, what is -12d4c + 10?
-12d3c
In base 5, what is 1 - 110212?
-110211
In base 2, what is -1001000111110 - 0?
-1001000111110
In base 11, what is -210a + -346?
-2455
In base 16, what is -18a3 - -1?
-18a2
In base 15, what is -38bd2 - 0?
-38bd2
In base 5, what is -12 + -4124432?
-4124444
In base 14, what is 71 - -80?
111
In base 3, what is -12 - 1211012112?
-1211012201
In base 15, what is -1a24 + -47?
-1a6b
In base 14, what is 8 - -d23c?
d246
In base 6, what is -11 - 322510?
-322521
In base 12, what is 34a9 - a2?
3407
In base 9, what is -8 + 1752?
1743
In base 10, what is -32051 - -16?
-32035
In base 16, what is -7 - -8480d?
84806
In base 3, what is 1102110212 - -12?
1102111001
In base 6, what is -35001 + -5?
-35010
In base 13, what is -2a8 + 93?
-215
In base 11, what is -115a4 - 2a?
-11623
In base 4, what is 0 - 302020112?
-302020112
In base 5, what is -1412220 - -111?
-1412104
In base 14, what is -4 + 15d2?
15cc
In base 3, what is 1002 + 101122101?
101200110
In base 13, what is -2748 - -1?
-2747
In base 6, what is 3 - 211014?
-211011
In base 9, what is -22020 - 2?
-22022
In base 15, what is -5 - -67e01?
67deb
In base 2, what is 10111001101100110111010 - -101?
10111001101100110111111
In base 12, what is 4619b5 - 0?
4619b5
In base 10, what is -10 - 194650?
-194660
In base 14, what is -10043 + 1?
-10042
In base 6, what is 51125 + 4?
51133
In base 10, what is 0 + -5375?
-5375
In base 11, what is 137 - 4479?
-4342
In base 15, what is 62a + -1b8?
462
In base 12, what is -2 - -4725?
4723
In base 2, what is 11111001 + 1011011001?
1111010010
In base 10, what is 19 + 55013?
55032
In base 3, what is 110020211200 + -11?
110020211112
In base 7, what is 10 - 115466?
-115456
In base 16, what is -2 + 13a4a?
13a48
In base 3, what is 11021202 - -21120?
11120022
In base 3, what is 1122002 + -12001?
1110001
In base 10, what is -1273 + 1731?
458
In base 9, what is 15 + 24875?
25001
In base 11, what is 17 + 2040?
2057
In base 16, what is -a1 - e0?
-181
In base 10, what is -6 - -5253?
5247
In base 8, what is 0 + 16672?
16672
In base 10, what is -227 - -5540?
5313
In base 16, what is -812d - 6?
-8133
In base 2, what is 111011110 + 1011?
111101001
In base 10, what is -26 - -12813?
12787
In base 12, what is -5 - -5b95?
5b90
In base 6, what is -1402323 - -3?
-1402320
In base 16, what is 14ee - -b?
14f9
In base 12, what is -48751 - 0?
-48751
In base 15, what is -11bc + 1a?
-11a2
In base 9, what is 67 - -145?
223
In base 15, what is 27 - 141?
-119
In base 14, what is 4 - -84db?
8501
In base 13, what is -66 + 73?
a
In base 11, what is 1 - -15817?
15818
In base 13, what is -470 - -5?
-468
In base 5, what is -3 - 3322334?
-3322342
In base 9, what is -481 - 600?
-1181
In base 2, what is 0 + 10000010110101111011?
10000010110101111011
In base 8, what is -134242 - -3?
-134237
In base 6, what is -4 + 54412?
54404
In base 16, what is 175 - 421?
-2ac
In base 5, what is -22 + 4332?
4310
In base 2, what is 1 + -1010010110000110000?
-1010010110000101111
In base 12, what is -14649 - -5?
-14644
In base 2, what is -10101 + 100000000?
11101011
In base 10, what is -204234 + 1?
-204233
In base 5, what is -4 + -240334134?
-240334143
In base 9, what is 327835 - -4?
327840
In base 13, what is -11a4 + a04?
-4a0
In base 12, what is 58 + -11155?
-110b9
In base 2, what is -10101011101 - 10000?
-10101101101
In base 3, what is 202220 + -1102?
201111
In base 7, what is 111 - -23316?
23430
In base 4, what is 11333222 + 101?
11333323
In base 14, what is -26 - 6613?
-6639
In base 12, what is -1 + 15318?
15317
In base 9, what is 31223 + 2?
31225
In base 14, what is -52 - 4?
-56
In base 12, what is -125 + 16?
-10b
In base 6, what is 14434 + -240?
14154
In base 4, what is 331023221 - 2?
331023213
In base 8, what is -75560 + -1?
-75561
In base 2, what is -11100010 - -10110000?
-110010
In base 13, what is 23 + 343?
366
In base 13, what is 719 - -a9?
7c5
In base 11, what is 868516 - 2?
868514
In base 8, what is 56653 - -15?
56670
In base 10, what is -4 - 22868?
-22872
In base 8, what is 36 - -2754?
3012
In base 16, what is -cde07e + 1?
-cde07d
In base 4, what is -1333023 - -22?
-1333001
In base 9, what is -6 - -10727?
10721
In base 8, what is 775364 + -2?
775362
In base 13, what is 2 + 200b?
2010
In base 3, what is 1012002001 - 100?
1012001201
In base 7, what is -31 + -2040?
-2101
In base 4, what is -22321202 - 0?
-22321202
In base 10, what is 14 + 598?
612
In base 15, what is 12c8 + 2d?
1306
In base 11, what is -5 - 75a00?
-75a05
In base 10, what is -12819 - -129?
-12690
In base 5, what is 30 + -3213?
-3133
In base 13, what is 8b7b - -12?
8b90
In base 13, what is a631 - -6a?
a69b
In base 4, what is -2213312 + -11120?
-2231032
In base 10, what is -3280 + -169?
-3449
In base 16, what is -286c89 + 3?
-286c86
In base 14, what is -a - -1139?
112d
In base 2, what is 1 - -1001001101101011101?
1001001101101011110
In base 12, what is -475 - -39?
-438
In base 9, what is -1162 - 215?
-1377
In base 15, what is 2 + 4adc?
4ade
In base 10, what is -16 + -130?
-146
In base 7, what is 6 + -125123?
-125114
In base 11, what is 274062 - 0?
274062
In base 6, what is 324 + 1424?
2152
In base 7, what is 66 + 255126?
255225
In base 16, what is -d2 - dd4?
-ea6
In base 11, what is -12 - 3461?
-3473
In base 9, what is -3856 + -6?
-3863
In base 4, what is 10001 + 3132100?
3202101
In base 13, what is -1 + 11663?
11662
In base 4, what is -222 + 233300?
233012
In base 12, what is 3 + -b1b4?
-b1b1
In base 2, what is -10110110001100 - -1001000?
-10110101000100
In base 11, what is 2 - 10017?
-10015
In base 14, what is 0 - -210?
210
In base 11, what is 5338744 + 4?
5338748
In base 11, what is 3352 + -3?
334a
In base 16, what is 255 + -1d?
238
In base 8, what is -11 - 560522?
-560533
In base 7, what is 5500 - 32?
5435
In base 2, what is 1110110110110 + 10110?
1110111001100
In base 5, what is 103241343 + 0?
103241343
In base 6, what is -445 + -215?
-1104
In base 15, wha